/*
SQLyog Ultimate v12.5.1 (64 bit)
MySQL - 10.1.32-MariaDB : Database - pet_menu
*********************************************************************
*/

/*!40101 SET NAMES utf8 */;

/*!40101 SET SQL_MODE=''*/;

/*!40014 SET @OLD_UNIQUE_CHECKS=@@UNIQUE_CHECKS, UNIQUE_CHECKS=0 */;
/*!40014 SET @OLD_FOREIGN_KEY_CHECKS=@@FOREIGN_KEY_CHECKS, FOREIGN_KEY_CHECKS=0 */;
/*!40101 SET @OLD_SQL_MODE=@@SQL_MODE, SQL_MODE='NO_AUTO_VALUE_ON_ZERO' */;
/*!40111 SET @OLD_SQL_NOTES=@@SQL_NOTES, SQL_NOTES=0 */;
CREATE DATABASE /*!32312 IF NOT EXISTS*/`pet_menu` /*!40100 DEFAULT CHARACTER SET latin1 */;

USE `pet_menu`;

/*Table structure for table `config_cms` */

DROP TABLE IF EXISTS `config_cms`;

CREATE TABLE `config_cms` (
  `cms_id` bigint(20) unsigned NOT NULL AUTO_INCREMENT,
  `cms_name` varchar(255) COLLATE utf8_unicode_ci NOT NULL,
  `cms_logo` varchar(255) COLLATE utf8_unicode_ci NOT NULL,
  `cms_background_login` varchar(255) COLLATE utf8_unicode_ci NOT NULL,
  `cms_navbar_type` enum('1','2') COLLATE utf8_unicode_ci NOT NULL,
  `cms_sidebar_type` enum('1','2') COLLATE utf8_unicode_ci NOT NULL,
  `cms_navbar` text COLLATE utf8_unicode_ci NOT NULL,
  `cms_theme` enum('1','2','3','4','5','6','7','8','9','10','11') COLLATE utf8_unicode_ci NOT NULL,
  `layout_id` bigint(20) NOT NULL,
  `created_by` bigint(20) NOT NULL,
  `updated_by` bigint(20) NOT NULL,
  `created_at` timestamp NULL DEFAULT NULL,
  `updated_at` timestamp NULL DEFAULT NULL,
  PRIMARY KEY (`cms_id`)
) ENGINE=InnoDB AUTO_INCREMENT=8 DEFAULT CHARSET=utf8 COLLATE=utf8_unicode_ci;

/*Data for the table `config_cms` */

insert  into `config_cms`(`cms_id`,`cms_name`,`cms_logo`,`cms_background_login`,`cms_navbar_type`,`cms_sidebar_type`,`cms_navbar`,`cms_theme`,`layout_id`,`created_by`,`updated_by`,`created_at`,`updated_at`) values 
(1,'PET SHOP','cms_logo.png','','1','1','','1',0,0,1,'2019-05-07 14:10:13','2019-05-09 11:00:02'),
(2,'PET SHOP','cms_logo-1557215103.jpg','','1','1','','1',0,0,1,'2019-05-07 14:45:03','2019-05-07 14:45:03'),
(3,'PET SHOP','cms_logo-1557215124.jpg','','1','1','','1',0,0,1,'2019-05-07 14:45:24','2019-05-07 14:45:24'),
(4,'PET SHOP','cms_logo-1557215254.jpg','','1','1','','1',0,0,1,'2019-05-07 14:47:34','2019-05-07 14:47:34'),
(5,'PET SHOP','cms_logo-1557215261.jpg','','1','1','','1',0,0,1,'2019-05-07 14:47:41','2019-05-07 14:47:41'),
(6,'PET SHOP','cms_logo-1557215396.jpg','','1','1','','1',0,0,1,'2019-05-07 14:49:56','2019-05-07 14:49:56'),
(7,'PET SHOP','cms_logo-1557215424.jpg','','1','1','','1',0,0,1,'2019-05-07 14:50:24','2019-05-07 14:50:24');

/*Table structure for table `icon` */

DROP TABLE IF EXISTS `icon`;

CREATE TABLE `icon` (
  `icon_id` bigint(20) unsigned NOT NULL AUTO_INCREMENT,
  `icon_group` varchar(255) COLLATE utf8_unicode_ci NOT NULL,
  `icon_name` varchar(255) COLLATE utf8_unicode_ci NOT NULL,
  `class_name` varchar(255) COLLATE utf8_unicode_ci NOT NULL,
  `deleted_at` timestamp NULL DEFAULT NULL,
  `created_at` timestamp NULL DEFAULT NULL,
  `updated_at` timestamp NULL DEFAULT NULL,
  PRIMARY KEY (`icon_id`)
) ENGINE=InnoDB AUTO_INCREMENT=1573 DEFAULT CHARSET=utf8 COLLATE=utf8_unicode_ci;

/*Data for the table `icon` */

insert  into `icon`(`icon_id`,`icon_group`,`icon_name`,`class_name`,`deleted_at`,`created_at`,`updated_at`) values 
(787,'Font Awesome','500px','fa fa-500px',NULL,NULL,NULL),
(788,'Font Awesome','address-book','fa fa-address-book',NULL,NULL,NULL),
(789,'Font Awesome','address-book-o','fa fa-address-book-o',NULL,NULL,NULL),
(790,'Font Awesome','address-card','fa fa-address-card',NULL,NULL,NULL),
(791,'Font Awesome','address-card-o','fa fa-address-card-o',NULL,NULL,NULL),
(792,'Font Awesome','adjust','fa fa-adjust',NULL,NULL,NULL),
(793,'Font Awesome','adn','fa fa-adn',NULL,NULL,NULL),
(794,'Font Awesome','align-center','fa fa-align-center',NULL,NULL,NULL),
(795,'Font Awesome','align-justify','fa fa-align-justify',NULL,NULL,NULL),
(796,'Font Awesome','align-left','fa fa-align-left',NULL,NULL,NULL),
(797,'Font Awesome','align-right','fa fa-align-right',NULL,NULL,NULL),
(798,'Font Awesome','amazon','fa fa-amazon',NULL,NULL,NULL),
(799,'Font Awesome','ambulance','fa fa-ambulance',NULL,NULL,NULL),
(800,'Font Awesome','american-sign-language-interpreting','fa fa-american-sign-language-interpreting',NULL,NULL,NULL),
(801,'Font Awesome','anchor','fa fa-anchor',NULL,NULL,NULL),
(802,'Font Awesome','android','fa fa-android',NULL,NULL,NULL),
(803,'Font Awesome','angellist','fa fa-angellist',NULL,NULL,NULL),
(804,'Font Awesome','angle-double-down','fa fa-angle-double-down',NULL,NULL,NULL),
(805,'Font Awesome','angle-double-left','fa fa-angle-double-left',NULL,NULL,NULL),
(806,'Font Awesome','angle-double-right','fa fa-angle-double-right',NULL,NULL,NULL),
(807,'Font Awesome','angle-double-up','fa fa-angle-double-up',NULL,NULL,NULL),
(808,'Font Awesome','angle-down','fa fa-angle-down',NULL,NULL,NULL),
(809,'Font Awesome','angle-left','fa fa-angle-left',NULL,NULL,NULL),
(810,'Font Awesome','angle-right','fa fa-angle-right',NULL,NULL,NULL),
(811,'Font Awesome','angle-up','fa fa-angle-up',NULL,NULL,NULL),
(812,'Font Awesome','apple','fa fa-apple',NULL,NULL,NULL),
(813,'Font Awesome','archive','fa fa-archive',NULL,NULL,NULL),
(814,'Font Awesome','area-chart','fa fa-area-chart',NULL,NULL,NULL),
(815,'Font Awesome','arrow-circle-down','fa fa-arrow-circle-down',NULL,NULL,NULL),
(816,'Font Awesome','arrow-circle-left','fa fa-arrow-circle-left',NULL,NULL,NULL),
(817,'Font Awesome','arrow-circle-o-down','fa fa-arrow-circle-o-down',NULL,NULL,NULL),
(818,'Font Awesome','arrow-circle-o-left','fa fa-arrow-circle-o-left',NULL,NULL,NULL),
(819,'Font Awesome','arrow-circle-o-right','fa fa-arrow-circle-o-right',NULL,NULL,NULL),
(820,'Font Awesome','arrow-circle-o-up','fa fa-arrow-circle-o-up',NULL,NULL,NULL),
(821,'Font Awesome','arrow-circle-right','fa fa-arrow-circle-right',NULL,NULL,NULL),
(822,'Font Awesome','arrow-circle-up','fa fa-arrow-circle-up',NULL,NULL,NULL),
(823,'Font Awesome','arrow-down','fa fa-arrow-down',NULL,NULL,NULL),
(824,'Font Awesome','arrow-left','fa fa-arrow-left',NULL,NULL,NULL),
(825,'Font Awesome','arrow-right','fa fa-arrow-right',NULL,NULL,NULL),
(826,'Font Awesome','arrow-up','fa fa-arrow-up',NULL,NULL,NULL),
(827,'Font Awesome','arrows','fa fa-arrows',NULL,NULL,NULL),
(828,'Font Awesome','arrows-alt','fa fa-arrows-alt',NULL,NULL,NULL),
(829,'Font Awesome','arrows-h','fa fa-arrows-h',NULL,NULL,NULL),
(830,'Font Awesome','arrows-v','fa fa-arrows-v',NULL,NULL,NULL),
(831,'Font Awesome','asl-interpreting','fa fa-asl-interpreting',NULL,NULL,NULL),
(832,'Font Awesome','assistive-listening-systems','fa fa-assistive-listening-systems',NULL,NULL,NULL),
(833,'Font Awesome','asterisk','fa fa-asterisk',NULL,NULL,NULL),
(834,'Font Awesome','at','fa fa-at',NULL,NULL,NULL),
(835,'Font Awesome','audio-description','fa fa-audio-description',NULL,NULL,NULL),
(836,'Font Awesome','automobile','fa fa-automobile',NULL,NULL,NULL),
(837,'Font Awesome','backward','fa fa-backward',NULL,NULL,NULL),
(838,'Font Awesome','balance-scale','fa fa-balance-scale',NULL,NULL,NULL),
(839,'Font Awesome','ban','fa fa-ban',NULL,NULL,NULL),
(840,'Font Awesome','bandcamp','fa fa-bandcamp',NULL,NULL,NULL),
(841,'Font Awesome','bank','fa fa-bank',NULL,NULL,NULL),
(842,'Font Awesome','bar-chart','fa fa-bar-chart',NULL,NULL,NULL),
(843,'Font Awesome','bar-chart-o','fa fa-bar-chart-o',NULL,NULL,NULL),
(844,'Font Awesome','barcode','fa fa-barcode',NULL,NULL,NULL),
(845,'Font Awesome','bars','fa fa-bars',NULL,NULL,NULL),
(846,'Font Awesome','bath','fa fa-bath',NULL,NULL,NULL),
(847,'Font Awesome','bathtub','fa fa-bathtub',NULL,NULL,NULL),
(848,'Font Awesome','battery','fa fa-battery',NULL,NULL,NULL),
(849,'Font Awesome','battery-0','fa fa-battery-0',NULL,NULL,NULL),
(850,'Font Awesome','battery-1','fa fa-battery-1',NULL,NULL,NULL),
(851,'Font Awesome','battery-2','fa fa-battery-2',NULL,NULL,NULL),
(852,'Font Awesome','battery-3','fa fa-battery-3',NULL,NULL,NULL),
(853,'Font Awesome','battery-4','fa fa-battery-4',NULL,NULL,NULL),
(854,'Font Awesome','battery-empty','fa fa-battery-empty',NULL,NULL,NULL),
(855,'Font Awesome','battery-full','fa fa-battery-full',NULL,NULL,NULL),
(856,'Font Awesome','battery-half','fa fa-battery-half',NULL,NULL,NULL),
(857,'Font Awesome','battery-quarter','fa fa-battery-quarter',NULL,NULL,NULL),
(858,'Font Awesome','battery-three-quarters','fa fa-battery-three-quarters',NULL,NULL,NULL),
(859,'Font Awesome','bed','fa fa-bed',NULL,NULL,NULL),
(860,'Font Awesome','beer','fa fa-beer',NULL,NULL,NULL),
(861,'Font Awesome','behance','fa fa-behance',NULL,NULL,NULL),
(862,'Font Awesome','behance-square','fa fa-behance-square',NULL,NULL,NULL),
(863,'Font Awesome','bell','fa fa-bell',NULL,NULL,NULL),
(864,'Font Awesome','bell-o','fa fa-bell-o',NULL,NULL,NULL),
(865,'Font Awesome','bell-slash','fa fa-bell-slash',NULL,NULL,NULL),
(866,'Font Awesome','bell-slash-o','fa fa-bell-slash-o',NULL,NULL,NULL),
(867,'Font Awesome','bicycle','fa fa-bicycle',NULL,NULL,NULL),
(868,'Font Awesome','binoculars','fa fa-binoculars',NULL,NULL,NULL),
(869,'Font Awesome','birthday-cake','fa fa-birthday-cake',NULL,NULL,NULL),
(870,'Font Awesome','bitbucket','fa fa-bitbucket',NULL,NULL,NULL),
(871,'Font Awesome','bitbucket-square','fa fa-bitbucket-square',NULL,NULL,NULL),
(872,'Font Awesome','bitcoin','fa fa-bitcoin',NULL,NULL,NULL),
(873,'Font Awesome','black-tie','fa fa-black-tie',NULL,NULL,NULL),
(874,'Font Awesome','blind','fa fa-blind',NULL,NULL,NULL),
(875,'Font Awesome','bluetooth','fa fa-bluetooth',NULL,NULL,NULL),
(876,'Font Awesome','bluetooth-b','fa fa-bluetooth-b',NULL,NULL,NULL),
(877,'Font Awesome','bold','fa fa-bold',NULL,NULL,NULL),
(878,'Font Awesome','bolt','fa fa-bolt',NULL,NULL,NULL),
(879,'Font Awesome','bomb','fa fa-bomb',NULL,NULL,NULL),
(880,'Font Awesome','book','fa fa-book',NULL,NULL,NULL),
(881,'Font Awesome','bookmark','fa fa-bookmark',NULL,NULL,NULL),
(882,'Font Awesome','bookmark-o','fa fa-bookmark-o',NULL,NULL,NULL),
(883,'Font Awesome','braille','fa fa-braille',NULL,NULL,NULL),
(884,'Font Awesome','briefcase','fa fa-briefcase',NULL,NULL,NULL),
(885,'Font Awesome','btc','fa fa-btc',NULL,NULL,NULL),
(886,'Font Awesome','bug','fa fa-bug',NULL,NULL,NULL),
(887,'Font Awesome','building','fa fa-building',NULL,NULL,NULL),
(888,'Font Awesome','building-o','fa fa-building-o',NULL,NULL,NULL),
(889,'Font Awesome','bullhorn','fa fa-bullhorn',NULL,NULL,NULL),
(890,'Font Awesome','bullseye','fa fa-bullseye',NULL,NULL,NULL),
(891,'Font Awesome','bus','fa fa-bus',NULL,NULL,NULL),
(892,'Font Awesome','buysellads','fa fa-buysellads',NULL,NULL,NULL),
(893,'Font Awesome','cab','fa fa-cab',NULL,NULL,NULL),
(894,'Font Awesome','calculator','fa fa-calculator',NULL,NULL,NULL),
(895,'Font Awesome','calendar','fa fa-calendar',NULL,NULL,NULL),
(896,'Font Awesome','calendar-check-o','fa fa-calendar-check-o',NULL,NULL,NULL),
(897,'Font Awesome','calendar-minus-o','fa fa-calendar-minus-o',NULL,NULL,NULL),
(898,'Font Awesome','calendar-o','fa fa-calendar-o',NULL,NULL,NULL),
(899,'Font Awesome','calendar-plus-o','fa fa-calendar-plus-o',NULL,NULL,NULL),
(900,'Font Awesome','calendar-times-o','fa fa-calendar-times-o',NULL,NULL,NULL),
(901,'Font Awesome','camera','fa fa-camera',NULL,NULL,NULL),
(902,'Font Awesome','camera-retro','fa fa-camera-retro',NULL,NULL,NULL),
(903,'Font Awesome','car','fa fa-car',NULL,NULL,NULL),
(904,'Font Awesome','caret-down','fa fa-caret-down',NULL,NULL,NULL),
(905,'Font Awesome','caret-left','fa fa-caret-left',NULL,NULL,NULL),
(906,'Font Awesome','caret-right','fa fa-caret-right',NULL,NULL,NULL),
(907,'Font Awesome','caret-square-o-down','fa fa-caret-square-o-down',NULL,NULL,NULL),
(908,'Font Awesome','caret-square-o-left','fa fa-caret-square-o-left',NULL,NULL,NULL),
(909,'Font Awesome','caret-square-o-right','fa fa-caret-square-o-right',NULL,NULL,NULL),
(910,'Font Awesome','caret-square-o-up','fa fa-caret-square-o-up',NULL,NULL,NULL),
(911,'Font Awesome','caret-up','fa fa-caret-up',NULL,NULL,NULL),
(912,'Font Awesome','cart-arrow-down','fa fa-cart-arrow-down',NULL,NULL,NULL),
(913,'Font Awesome','cart-plus','fa fa-cart-plus',NULL,NULL,NULL),
(914,'Font Awesome','cc','fa fa-cc',NULL,NULL,NULL),
(915,'Font Awesome','cc-amex','fa fa-cc-amex',NULL,NULL,NULL),
(916,'Font Awesome','cc-diners-club','fa fa-cc-diners-club',NULL,NULL,NULL),
(917,'Font Awesome','cc-discover','fa fa-cc-discover',NULL,NULL,NULL),
(918,'Font Awesome','cc-jcb','fa fa-cc-jcb',NULL,NULL,NULL),
(919,'Font Awesome','cc-mastercard','fa fa-cc-mastercard',NULL,NULL,NULL),
(920,'Font Awesome','cc-paypal','fa fa-cc-paypal',NULL,NULL,NULL),
(921,'Font Awesome','cc-stripe','fa fa-cc-stripe',NULL,NULL,NULL),
(922,'Font Awesome','cc-visa','fa fa-cc-visa',NULL,NULL,NULL),
(923,'Font Awesome','certificate','fa fa-certificate',NULL,NULL,NULL),
(924,'Font Awesome','chain','fa fa-chain',NULL,NULL,NULL),
(925,'Font Awesome','chain-broken','fa fa-chain-broken',NULL,NULL,NULL),
(926,'Font Awesome','check','fa fa-check',NULL,NULL,NULL),
(927,'Font Awesome','check-circle','fa fa-check-circle',NULL,NULL,NULL),
(928,'Font Awesome','check-circle-o','fa fa-check-circle-o',NULL,NULL,NULL),
(929,'Font Awesome','check-square','fa fa-check-square',NULL,NULL,NULL),
(930,'Font Awesome','check-square-o','fa fa-check-square-o',NULL,NULL,NULL),
(931,'Font Awesome','chevron-circle-down','fa fa-chevron-circle-down',NULL,NULL,NULL),
(932,'Font Awesome','chevron-circle-left','fa fa-chevron-circle-left',NULL,NULL,NULL),
(933,'Font Awesome','chevron-circle-right','fa fa-chevron-circle-right',NULL,NULL,NULL),
(934,'Font Awesome','chevron-circle-up','fa fa-chevron-circle-up',NULL,NULL,NULL),
(935,'Font Awesome','chevron-down','fa fa-chevron-down',NULL,NULL,NULL),
(936,'Font Awesome','chevron-left','fa fa-chevron-left',NULL,NULL,NULL),
(937,'Font Awesome','chevron-right','fa fa-chevron-right',NULL,NULL,NULL),
(938,'Font Awesome','chevron-up','fa fa-chevron-up',NULL,NULL,NULL),
(939,'Font Awesome','child','fa fa-child',NULL,NULL,NULL),
(940,'Font Awesome','chrome','fa fa-chrome',NULL,NULL,NULL),
(941,'Font Awesome','circle','fa fa-circle',NULL,NULL,NULL),
(942,'Font Awesome','circle-o','fa fa-circle-o',NULL,NULL,NULL),
(943,'Font Awesome','circle-o-notch','fa fa-circle-o-notch',NULL,NULL,NULL),
(944,'Font Awesome','circle-thin','fa fa-circle-thin',NULL,NULL,NULL),
(945,'Font Awesome','clipboard','fa fa-clipboard',NULL,NULL,NULL),
(946,'Font Awesome','clock-o','fa fa-clock-o',NULL,NULL,NULL),
(947,'Font Awesome','clone','fa fa-clone',NULL,NULL,NULL),
(948,'Font Awesome','close','fa fa-close',NULL,NULL,NULL),
(949,'Font Awesome','cloud','fa fa-cloud',NULL,NULL,NULL),
(950,'Font Awesome','cloud-download','fa fa-cloud-download',NULL,NULL,NULL),
(951,'Font Awesome','cloud-upload','fa fa-cloud-upload',NULL,NULL,NULL),
(952,'Font Awesome','cny','fa fa-cny',NULL,NULL,NULL),
(953,'Font Awesome','code','fa fa-code',NULL,NULL,NULL),
(954,'Font Awesome','code-fork','fa fa-code-fork',NULL,NULL,NULL),
(955,'Font Awesome','codepen','fa fa-codepen',NULL,NULL,NULL),
(956,'Font Awesome','codiepie','fa fa-codiepie',NULL,NULL,NULL),
(957,'Font Awesome','coffee','fa fa-coffee',NULL,NULL,NULL),
(958,'Font Awesome','cog','fa fa-cog',NULL,NULL,NULL),
(959,'Font Awesome','cogs','fa fa-cogs',NULL,NULL,NULL),
(960,'Font Awesome','columns','fa fa-columns',NULL,NULL,NULL),
(961,'Font Awesome','comment','fa fa-comment',NULL,NULL,NULL),
(962,'Font Awesome','comment-o','fa fa-comment-o',NULL,NULL,NULL),
(963,'Font Awesome','commenting','fa fa-commenting',NULL,NULL,NULL),
(964,'Font Awesome','commenting-o','fa fa-commenting-o',NULL,NULL,NULL),
(965,'Font Awesome','comments','fa fa-comments',NULL,NULL,NULL),
(966,'Font Awesome','comments-o','fa fa-comments-o',NULL,NULL,NULL),
(967,'Font Awesome','compass','fa fa-compass',NULL,NULL,NULL),
(968,'Font Awesome','compress','fa fa-compress',NULL,NULL,NULL),
(969,'Font Awesome','connectdevelop','fa fa-connectdevelop',NULL,NULL,NULL),
(970,'Font Awesome','contao','fa fa-contao',NULL,NULL,NULL),
(971,'Font Awesome','copy','fa fa-copy',NULL,NULL,NULL),
(972,'Font Awesome','copyright','fa fa-copyright',NULL,NULL,NULL),
(973,'Font Awesome','creative-commons','fa fa-creative-commons',NULL,NULL,NULL),
(974,'Font Awesome','credit-card','fa fa-credit-card',NULL,NULL,NULL),
(975,'Font Awesome','credit-card-alt','fa fa-credit-card-alt',NULL,NULL,NULL),
(976,'Font Awesome','crop','fa fa-crop',NULL,NULL,NULL),
(977,'Font Awesome','crosshairs','fa fa-crosshairs',NULL,NULL,NULL),
(978,'Font Awesome','css3','fa fa-css3',NULL,NULL,NULL),
(979,'Font Awesome','cube','fa fa-cube',NULL,NULL,NULL),
(980,'Font Awesome','cubes','fa fa-cubes',NULL,NULL,NULL),
(981,'Font Awesome','cut','fa fa-cut',NULL,NULL,NULL),
(982,'Font Awesome','cutlery','fa fa-cutlery',NULL,NULL,NULL),
(983,'Font Awesome','dashboard','fa fa-dashboard',NULL,NULL,NULL),
(984,'Font Awesome','dashcube','fa fa-dashcube',NULL,NULL,NULL),
(985,'Font Awesome','database','fa fa-database',NULL,NULL,NULL),
(986,'Font Awesome','deaf','fa fa-deaf',NULL,NULL,NULL),
(987,'Font Awesome','deafness','fa fa-deafness',NULL,NULL,NULL),
(988,'Font Awesome','dedent','fa fa-dedent',NULL,NULL,NULL),
(989,'Font Awesome','delicious','fa fa-delicious',NULL,NULL,NULL),
(990,'Font Awesome','desktop','fa fa-desktop',NULL,NULL,NULL),
(991,'Font Awesome','deviantart','fa fa-deviantart',NULL,NULL,NULL),
(992,'Font Awesome','diamond','fa fa-diamond',NULL,NULL,NULL),
(993,'Font Awesome','digg','fa fa-digg',NULL,NULL,NULL),
(994,'Font Awesome','dollar','fa fa-dollar',NULL,NULL,NULL),
(995,'Font Awesome','dot-circle-o','fa fa-dot-circle-o',NULL,NULL,NULL),
(996,'Font Awesome','download','fa fa-download',NULL,NULL,NULL),
(997,'Font Awesome','dribbble','fa fa-dribbble',NULL,NULL,NULL),
(998,'Font Awesome','drivers-license','fa fa-drivers-license',NULL,NULL,NULL),
(999,'Font Awesome','drivers-license-o','fa fa-drivers-license-o',NULL,NULL,NULL),
(1000,'Font Awesome','dropbox','fa fa-dropbox',NULL,NULL,NULL),
(1001,'Font Awesome','drupal','fa fa-drupal',NULL,NULL,NULL),
(1002,'Font Awesome','edge','fa fa-edge',NULL,NULL,NULL),
(1003,'Font Awesome','edit','fa fa-edit',NULL,NULL,NULL),
(1004,'Font Awesome','eercast','fa fa-eercast',NULL,NULL,NULL),
(1005,'Font Awesome','eject','fa fa-eject',NULL,NULL,NULL),
(1006,'Font Awesome','ellipsis-h','fa fa-ellipsis-h',NULL,NULL,NULL),
(1007,'Font Awesome','ellipsis-v','fa fa-ellipsis-v',NULL,NULL,NULL),
(1008,'Font Awesome','empire','fa fa-empire',NULL,NULL,NULL),
(1009,'Font Awesome','envelope','fa fa-envelope',NULL,NULL,NULL),
(1010,'Font Awesome','envelope-o','fa fa-envelope-o',NULL,NULL,NULL),
(1011,'Font Awesome','envelope-open','fa fa-envelope-open',NULL,NULL,NULL),
(1012,'Font Awesome','envelope-open-o','fa fa-envelope-open-o',NULL,NULL,NULL),
(1013,'Font Awesome','envelope-square','fa fa-envelope-square',NULL,NULL,NULL),
(1014,'Font Awesome','envira','fa fa-envira',NULL,NULL,NULL),
(1015,'Font Awesome','eraser','fa fa-eraser',NULL,NULL,NULL),
(1016,'Font Awesome','etsy','fa fa-etsy',NULL,NULL,NULL),
(1017,'Font Awesome','eur','fa fa-eur',NULL,NULL,NULL),
(1018,'Font Awesome','euro','fa fa-euro',NULL,NULL,NULL),
(1019,'Font Awesome','exchange','fa fa-exchange',NULL,NULL,NULL),
(1020,'Font Awesome','exclamation','fa fa-exclamation',NULL,NULL,NULL),
(1021,'Font Awesome','exclamation-circle','fa fa-exclamation-circle',NULL,NULL,NULL),
(1022,'Font Awesome','exclamation-triangle','fa fa-exclamation-triangle',NULL,NULL,NULL),
(1023,'Font Awesome','expand','fa fa-expand',NULL,NULL,NULL),
(1024,'Font Awesome','expeditedssl','fa fa-expeditedssl',NULL,NULL,NULL),
(1025,'Font Awesome','external-link','fa fa-external-link',NULL,NULL,NULL),
(1026,'Font Awesome','external-link-square','fa fa-external-link-square',NULL,NULL,NULL),
(1027,'Font Awesome','eye','fa fa-eye',NULL,NULL,NULL),
(1028,'Font Awesome','eye-slash','fa fa-eye-slash',NULL,NULL,NULL),
(1029,'Font Awesome','eyedropper','fa fa-eyedropper',NULL,NULL,NULL),
(1030,'Font Awesome','fa fa','fa fa-fa',NULL,NULL,NULL),
(1031,'Font Awesome','fa facebook','fa fa-facebook',NULL,NULL,NULL),
(1032,'Font Awesome','fa facebook-f','fa fa-facebook-f',NULL,NULL,NULL),
(1033,'Font Awesome','fa facebook-official','fa fa-facebook-official',NULL,NULL,NULL),
(1034,'Font Awesome','fa facebook-square','fa fa-facebook-square',NULL,NULL,NULL),
(1035,'Font Awesome','fa fast-backward','fa fa-fast-backward',NULL,NULL,NULL),
(1036,'Font Awesome','fa fast-forward','fa fa-fast-forward',NULL,NULL,NULL),
(1037,'Font Awesome','fa fax','fa fa-fax',NULL,NULL,NULL),
(1038,'Font Awesome','feed','fa fa-feed',NULL,NULL,NULL),
(1039,'Font Awesome','female','fa fa-female',NULL,NULL,NULL),
(1040,'Font Awesome','fighter-jet','fa fa-fighter-jet',NULL,NULL,NULL),
(1041,'Font Awesome','file','fa fa-file',NULL,NULL,NULL),
(1042,'Font Awesome','file-archive-o','fa fa-file-archive-o',NULL,NULL,NULL),
(1043,'Font Awesome','file-audio-o','fa fa-file-audio-o',NULL,NULL,NULL),
(1044,'Font Awesome','file-code-o','fa fa-file-code-o',NULL,NULL,NULL),
(1045,'Font Awesome','file-excel-o','fa fa-file-excel-o',NULL,NULL,NULL),
(1046,'Font Awesome','file-image-o','fa fa-file-image-o',NULL,NULL,NULL),
(1047,'Font Awesome','file-movie-o','fa fa-file-movie-o',NULL,NULL,NULL),
(1048,'Font Awesome','file-o','fa fa-file-o',NULL,NULL,NULL),
(1049,'Font Awesome','file-pdf-o','fa fa-file-pdf-o',NULL,NULL,NULL),
(1050,'Font Awesome','file-photo-o','fa fa-file-photo-o',NULL,NULL,NULL),
(1051,'Font Awesome','file-picture-o','fa fa-file-picture-o',NULL,NULL,NULL),
(1052,'Font Awesome','file-powerpoint-o','fa fa-file-powerpoint-o',NULL,NULL,NULL),
(1053,'Font Awesome','file-sound-o','fa fa-file-sound-o',NULL,NULL,NULL),
(1054,'Font Awesome','file-text','fa fa-file-text',NULL,NULL,NULL),
(1055,'Font Awesome','file-text-o','fa fa-file-text-o',NULL,NULL,NULL),
(1056,'Font Awesome','file-video-o','fa fa-file-video-o',NULL,NULL,NULL),
(1057,'Font Awesome','file-word-o','fa fa-file-word-o',NULL,NULL,NULL),
(1058,'Font Awesome','file-zip-o','fa fa-file-zip-o',NULL,NULL,NULL),
(1059,'Font Awesome','files-o','fa fa-files-o',NULL,NULL,NULL),
(1060,'Font Awesome','film','fa fa-film',NULL,NULL,NULL),
(1061,'Font Awesome','filter','fa fa-filter',NULL,NULL,NULL),
(1062,'Font Awesome','fire','fa fa-fire',NULL,NULL,NULL),
(1063,'Font Awesome','fire-extinguisher','fa fa-fire-extinguisher',NULL,NULL,NULL),
(1064,'Font Awesome','firefox','fa fa-firefox',NULL,NULL,NULL),
(1065,'Font Awesome','first-order','fa fa-first-order',NULL,NULL,NULL),
(1066,'Font Awesome','flag','fa fa-flag',NULL,NULL,NULL),
(1067,'Font Awesome','flag-checkered','fa fa-flag-checkered',NULL,NULL,NULL),
(1068,'Font Awesome','flag-o','fa fa-flag-o',NULL,NULL,NULL),
(1069,'Font Awesome','flash','fa fa-flash',NULL,NULL,NULL),
(1070,'Font Awesome','flask','fa fa-flask',NULL,NULL,NULL),
(1071,'Font Awesome','flickr','fa fa-flickr',NULL,NULL,NULL),
(1072,'Font Awesome','floppy-o','fa fa-floppy-o',NULL,NULL,NULL),
(1073,'Font Awesome','folder','fa fa-folder',NULL,NULL,NULL),
(1074,'Font Awesome','folder-o','fa fa-folder-o',NULL,NULL,NULL),
(1075,'Font Awesome','folder-open','fa fa-folder-open',NULL,NULL,NULL),
(1076,'Font Awesome','folder-open-o','fa fa-folder-open-o',NULL,NULL,NULL),
(1077,'Font Awesome','font','fa fa-font',NULL,NULL,NULL),
(1078,'Font Awesome','font-awesome','fa fa-font-awesome',NULL,NULL,NULL),
(1079,'Font Awesome','fonticons','fa fa-fonticons',NULL,NULL,NULL),
(1080,'Font Awesome','fort-awesome','fa fa-fort-awesome',NULL,NULL,NULL),
(1081,'Font Awesome','forumbee','fa fa-forumbee',NULL,NULL,NULL),
(1082,'Font Awesome','forward','fa fa-forward',NULL,NULL,NULL),
(1083,'Font Awesome','foursquare','fa fa-foursquare',NULL,NULL,NULL),
(1084,'Font Awesome','free-code-camp','fa fa-free-code-camp',NULL,NULL,NULL),
(1085,'Font Awesome','frown-o','fa fa-frown-o',NULL,NULL,NULL),
(1086,'Font Awesome','futbol-o','fa fa-futbol-o',NULL,NULL,NULL),
(1087,'Font Awesome','gamepad','fa fa-gamepad',NULL,NULL,NULL),
(1088,'Font Awesome','gavel','fa fa-gavel',NULL,NULL,NULL),
(1089,'Font Awesome','gbp','fa fa-gbp',NULL,NULL,NULL),
(1090,'Font Awesome','ge','fa fa-ge',NULL,NULL,NULL),
(1091,'Font Awesome','gear','fa fa-gear',NULL,NULL,NULL),
(1092,'Font Awesome','gears','fa fa-gears',NULL,NULL,NULL),
(1093,'Font Awesome','genderless','fa fa-genderless',NULL,NULL,NULL),
(1094,'Font Awesome','get-pocket','fa fa-get-pocket',NULL,NULL,NULL),
(1095,'Font Awesome','gg','fa fa-gg',NULL,NULL,NULL),
(1096,'Font Awesome','gg-circle','fa fa-gg-circle',NULL,NULL,NULL),
(1097,'Font Awesome','gift','fa fa-gift',NULL,NULL,NULL),
(1098,'Font Awesome','git','fa fa-git',NULL,NULL,NULL),
(1099,'Font Awesome','git-square','fa fa-git-square',NULL,NULL,NULL),
(1100,'Font Awesome','github','fa fa-github',NULL,NULL,NULL),
(1101,'Font Awesome','github-alt','fa fa-github-alt',NULL,NULL,NULL),
(1102,'Font Awesome','github-square','fa fa-github-square',NULL,NULL,NULL),
(1103,'Font Awesome','gitlab','fa fa-gitlab',NULL,NULL,NULL),
(1104,'Font Awesome','gittip','fa fa-gittip',NULL,NULL,NULL),
(1105,'Font Awesome','glass','fa fa-glass',NULL,NULL,NULL),
(1106,'Font Awesome','glide','fa fa-glide',NULL,NULL,NULL),
(1107,'Font Awesome','glide-g','fa fa-glide-g',NULL,NULL,NULL),
(1108,'Font Awesome','globe','fa fa-globe',NULL,NULL,NULL),
(1109,'Font Awesome','google','fa fa-google',NULL,NULL,NULL),
(1110,'Font Awesome','google-plus','fa fa-google-plus',NULL,NULL,NULL),
(1111,'Font Awesome','google-plus-circle','fa fa-google-plus-circle',NULL,NULL,NULL),
(1112,'Font Awesome','google-plus-official','fa fa-google-plus-official',NULL,NULL,NULL),
(1113,'Font Awesome','google-plus-square','fa fa-google-plus-square',NULL,NULL,NULL),
(1114,'Font Awesome','google-wallet','fa fa-google-wallet',NULL,NULL,NULL),
(1115,'Font Awesome','graduation-cap','fa fa-graduation-cap',NULL,NULL,NULL),
(1116,'Font Awesome','gratipay','fa fa-gratipay',NULL,NULL,NULL),
(1117,'Font Awesome','grav','fa fa-grav',NULL,NULL,NULL),
(1118,'Font Awesome','group','fa fa-group',NULL,NULL,NULL),
(1119,'Font Awesome','h-square','fa fa-h-square',NULL,NULL,NULL),
(1120,'Font Awesome','hacker-news','fa fa-hacker-news',NULL,NULL,NULL),
(1121,'Font Awesome','hand-grab-o','fa fa-hand-grab-o',NULL,NULL,NULL),
(1122,'Font Awesome','hand-lizard-o','fa fa-hand-lizard-o',NULL,NULL,NULL),
(1123,'Font Awesome','hand-o-down','fa fa-hand-o-down',NULL,NULL,NULL),
(1124,'Font Awesome','hand-o-left','fa fa-hand-o-left',NULL,NULL,NULL),
(1125,'Font Awesome','hand-o-right','fa fa-hand-o-right',NULL,NULL,NULL),
(1126,'Font Awesome','hand-o-up','fa fa-hand-o-up',NULL,NULL,NULL),
(1127,'Font Awesome','hand-paper-o','fa fa-hand-paper-o',NULL,NULL,NULL),
(1128,'Font Awesome','hand-peace-o','fa fa-hand-peace-o',NULL,NULL,NULL),
(1129,'Font Awesome','hand-pointer-o','fa fa-hand-pointer-o',NULL,NULL,NULL),
(1130,'Font Awesome','hand-rock-o','fa fa-hand-rock-o',NULL,NULL,NULL),
(1131,'Font Awesome','hand-scissors-o','fa fa-hand-scissors-o',NULL,NULL,NULL),
(1132,'Font Awesome','hand-spock-o','fa fa-hand-spock-o',NULL,NULL,NULL),
(1133,'Font Awesome','hand-stop-o','fa fa-hand-stop-o',NULL,NULL,NULL),
(1134,'Font Awesome','handshake-o','fa fa-handshake-o',NULL,NULL,NULL),
(1135,'Font Awesome','hard-of-hearing','fa fa-hard-of-hearing',NULL,NULL,NULL),
(1136,'Font Awesome','hashtag','fa fa-hashtag',NULL,NULL,NULL),
(1137,'Font Awesome','hdd-o','fa fa-hdd-o',NULL,NULL,NULL),
(1138,'Font Awesome','header','fa fa-header',NULL,NULL,NULL),
(1139,'Font Awesome','headphones','fa fa-headphones',NULL,NULL,NULL),
(1140,'Font Awesome','heart','fa fa-heart',NULL,NULL,NULL),
(1141,'Font Awesome','heart-o','fa fa-heart-o',NULL,NULL,NULL),
(1142,'Font Awesome','heartbeat','fa fa-heartbeat',NULL,NULL,NULL),
(1143,'Font Awesome','history','fa fa-history',NULL,NULL,NULL),
(1144,'Font Awesome','home','fa fa-home',NULL,NULL,NULL),
(1145,'Font Awesome','hospital-o','fa fa-hospital-o',NULL,NULL,NULL),
(1146,'Font Awesome','hotel','fa fa-hotel',NULL,NULL,NULL),
(1147,'Font Awesome','hourglass','fa fa-hourglass',NULL,NULL,NULL),
(1148,'Font Awesome','hourglass-1','fa fa-hourglass-1',NULL,NULL,NULL),
(1149,'Font Awesome','hourglass-2','fa fa-hourglass-2',NULL,NULL,NULL),
(1150,'Font Awesome','hourglass-3','fa fa-hourglass-3',NULL,NULL,NULL),
(1151,'Font Awesome','hourglass-end','fa fa-hourglass-end',NULL,NULL,NULL),
(1152,'Font Awesome','hourglass-half','fa fa-hourglass-half',NULL,NULL,NULL),
(1153,'Font Awesome','hourglass-o','fa fa-hourglass-o',NULL,NULL,NULL),
(1154,'Font Awesome','hourglass-start','fa fa-hourglass-start',NULL,NULL,NULL),
(1155,'Font Awesome','houzz','fa fa-houzz',NULL,NULL,NULL),
(1156,'Font Awesome','html5','fa fa-html5',NULL,NULL,NULL),
(1157,'Font Awesome','i-cursor','fa fa-i-cursor',NULL,NULL,NULL),
(1158,'Font Awesome','id-badge','fa fa-id-badge',NULL,NULL,NULL),
(1159,'Font Awesome','id-card','fa fa-id-card',NULL,NULL,NULL),
(1160,'Font Awesome','id-card-o','fa fa-id-card-o',NULL,NULL,NULL),
(1161,'Font Awesome','ils','fa fa-ils',NULL,NULL,NULL),
(1162,'Font Awesome','image','fa fa-image',NULL,NULL,NULL),
(1163,'Font Awesome','imdb','fa fa-imdb',NULL,NULL,NULL),
(1164,'Font Awesome','inbox','fa fa-inbox',NULL,NULL,NULL),
(1165,'Font Awesome','indent','fa fa-indent',NULL,NULL,NULL),
(1166,'Font Awesome','industry','fa fa-industry',NULL,NULL,NULL),
(1167,'Font Awesome','info','fa fa-info',NULL,NULL,NULL),
(1168,'Font Awesome','info-circle','fa fa-info-circle',NULL,NULL,NULL),
(1169,'Font Awesome','inr','fa fa-inr',NULL,NULL,NULL),
(1170,'Font Awesome','instagram','fa fa-instagram',NULL,NULL,NULL),
(1171,'Font Awesome','institution','fa fa-institution',NULL,NULL,NULL),
(1172,'Font Awesome','internet-explorer','fa fa-internet-explorer',NULL,NULL,NULL),
(1173,'Font Awesome','intersex','fa fa-intersex',NULL,NULL,NULL),
(1174,'Font Awesome','ioxhost','fa fa-ioxhost',NULL,NULL,NULL),
(1175,'Font Awesome','italic','fa fa-italic',NULL,NULL,NULL),
(1176,'Font Awesome','joomla','fa fa-joomla',NULL,NULL,NULL),
(1177,'Font Awesome','jpy','fa fa-jpy',NULL,NULL,NULL),
(1178,'Font Awesome','jsfiddle','fa fa-jsfiddle',NULL,NULL,NULL),
(1179,'Font Awesome','key','fa fa-key',NULL,NULL,NULL),
(1180,'Font Awesome','keyboard-o','fa fa-keyboard-o',NULL,NULL,NULL),
(1181,'Font Awesome','krw','fa fa-krw',NULL,NULL,NULL),
(1182,'Font Awesome','language','fa fa-language',NULL,NULL,NULL),
(1183,'Font Awesome','laptop','fa fa-laptop',NULL,NULL,NULL),
(1184,'Font Awesome','lastfm','fa fa-lastfm',NULL,NULL,NULL),
(1185,'Font Awesome','lastfm-square','fa fa-lastfm-square',NULL,NULL,NULL),
(1186,'Font Awesome','leaf','fa fa-leaf',NULL,NULL,NULL),
(1187,'Font Awesome','leanpub','fa fa-leanpub',NULL,NULL,NULL),
(1188,'Font Awesome','legal','fa fa-legal',NULL,NULL,NULL),
(1189,'Font Awesome','lemon-o','fa fa-lemon-o',NULL,NULL,NULL),
(1190,'Font Awesome','level-down','fa fa-level-down',NULL,NULL,NULL),
(1191,'Font Awesome','level-up','fa fa-level-up',NULL,NULL,NULL),
(1192,'Font Awesome','life-bouy','fa fa-life-bouy',NULL,NULL,NULL),
(1193,'Font Awesome','life-buoy','fa fa-life-buoy',NULL,NULL,NULL),
(1194,'Font Awesome','life-ring','fa fa-life-ring',NULL,NULL,NULL),
(1195,'Font Awesome','life-saver','fa fa-life-saver',NULL,NULL,NULL),
(1196,'Font Awesome','lightbulb-o','fa fa-lightbulb-o',NULL,NULL,NULL),
(1197,'Font Awesome','line-chart','fa fa-line-chart',NULL,NULL,NULL),
(1198,'Font Awesome','link','fa fa-link',NULL,NULL,NULL),
(1199,'Font Awesome','linkedin','fa fa-linkedin',NULL,NULL,NULL),
(1200,'Font Awesome','linkedin-square','fa fa-linkedin-square',NULL,NULL,NULL),
(1201,'Font Awesome','linode','fa fa-linode',NULL,NULL,NULL),
(1202,'Font Awesome','linux','fa fa-linux',NULL,NULL,NULL),
(1203,'Font Awesome','list','fa fa-list',NULL,NULL,NULL),
(1204,'Font Awesome','list-alt','fa fa-list-alt',NULL,NULL,NULL),
(1205,'Font Awesome','list-ol','fa fa-list-ol',NULL,NULL,NULL),
(1206,'Font Awesome','list-ul','fa fa-list-ul',NULL,NULL,NULL),
(1207,'Font Awesome','location-arrow','fa fa-location-arrow',NULL,NULL,NULL),
(1208,'Font Awesome','lock','fa fa-lock',NULL,NULL,NULL),
(1209,'Font Awesome','long-arrow-down','fa fa-long-arrow-down',NULL,NULL,NULL),
(1210,'Font Awesome','long-arrow-left','fa fa-long-arrow-left',NULL,NULL,NULL),
(1211,'Font Awesome','long-arrow-right','fa fa-long-arrow-right',NULL,NULL,NULL),
(1212,'Font Awesome','long-arrow-up','fa fa-long-arrow-up',NULL,NULL,NULL),
(1213,'Font Awesome','low-vision','fa fa-low-vision',NULL,NULL,NULL),
(1214,'Font Awesome','magic','fa fa-magic',NULL,NULL,NULL),
(1215,'Font Awesome','magnet','fa fa-magnet',NULL,NULL,NULL),
(1216,'Font Awesome','mail-forward','fa fa-mail-forward',NULL,NULL,NULL),
(1217,'Font Awesome','mail-reply','fa fa-mail-reply',NULL,NULL,NULL),
(1218,'Font Awesome','mail-reply-all','fa fa-mail-reply-all',NULL,NULL,NULL),
(1219,'Font Awesome','male','fa fa-male',NULL,NULL,NULL),
(1220,'Font Awesome','map','fa fa-map',NULL,NULL,NULL),
(1221,'Font Awesome','map-marker','fa fa-map-marker',NULL,NULL,NULL),
(1222,'Font Awesome','map-o','fa fa-map-o',NULL,NULL,NULL),
(1223,'Font Awesome','map-pin','fa fa-map-pin',NULL,NULL,NULL),
(1224,'Font Awesome','map-signs','fa fa-map-signs',NULL,NULL,NULL),
(1225,'Font Awesome','mars','fa fa-mars',NULL,NULL,NULL),
(1226,'Font Awesome','mars-double','fa fa-mars-double',NULL,NULL,NULL),
(1227,'Font Awesome','mars-stroke','fa fa-mars-stroke',NULL,NULL,NULL),
(1228,'Font Awesome','mars-stroke-h','fa fa-mars-stroke-h',NULL,NULL,NULL),
(1229,'Font Awesome','mars-stroke-v','fa fa-mars-stroke-v',NULL,NULL,NULL),
(1230,'Font Awesome','maxcdn','fa fa-maxcdn',NULL,NULL,NULL),
(1231,'Font Awesome','meanpath','fa fa-meanpath',NULL,NULL,NULL),
(1232,'Font Awesome','medium','fa fa-medium',NULL,NULL,NULL),
(1233,'Font Awesome','medkit','fa fa-medkit',NULL,NULL,NULL),
(1234,'Font Awesome','meetup','fa fa-meetup',NULL,NULL,NULL),
(1235,'Font Awesome','meh-o','fa fa-meh-o',NULL,NULL,NULL),
(1236,'Font Awesome','mercury','fa fa-mercury',NULL,NULL,NULL),
(1237,'Font Awesome','microchip','fa fa-microchip',NULL,NULL,NULL),
(1238,'Font Awesome','microphone','fa fa-microphone',NULL,NULL,NULL),
(1239,'Font Awesome','microphone-slash','fa fa-microphone-slash',NULL,NULL,NULL),
(1240,'Font Awesome','minus','fa fa-minus',NULL,NULL,NULL),
(1241,'Font Awesome','minus-circle','fa fa-minus-circle',NULL,NULL,NULL),
(1242,'Font Awesome','minus-square','fa fa-minus-square',NULL,NULL,NULL),
(1243,'Font Awesome','minus-square-o','fa fa-minus-square-o',NULL,NULL,NULL),
(1244,'Font Awesome','mixcloud','fa fa-mixcloud',NULL,NULL,NULL),
(1245,'Font Awesome','mobile','fa fa-mobile',NULL,NULL,NULL),
(1246,'Font Awesome','mobile-phone','fa fa-mobile-phone',NULL,NULL,NULL),
(1247,'Font Awesome','modx','fa fa-modx',NULL,NULL,NULL),
(1248,'Font Awesome','money','fa fa-money',NULL,NULL,NULL),
(1249,'Font Awesome','moon-o','fa fa-moon-o',NULL,NULL,NULL),
(1250,'Font Awesome','mortar-board','fa fa-mortar-board',NULL,NULL,NULL),
(1251,'Font Awesome','motorcycle','fa fa-motorcycle',NULL,NULL,NULL),
(1252,'Font Awesome','mouse-pointer','fa fa-mouse-pointer',NULL,NULL,NULL),
(1253,'Font Awesome','music','fa fa-music',NULL,NULL,NULL),
(1254,'Font Awesome','navicon','fa fa-navicon',NULL,NULL,NULL),
(1255,'Font Awesome','neuter','fa fa-neuter',NULL,NULL,NULL),
(1256,'Font Awesome','newspaper-o','fa fa-newspaper-o',NULL,NULL,NULL),
(1257,'Font Awesome','object-group','fa fa-object-group',NULL,NULL,NULL),
(1258,'Font Awesome','object-ungroup','fa fa-object-ungroup',NULL,NULL,NULL),
(1259,'Font Awesome','odnoklassniki','fa fa-odnoklassniki',NULL,NULL,NULL),
(1260,'Font Awesome','odnoklassniki-square','fa fa-odnoklassniki-square',NULL,NULL,NULL),
(1261,'Font Awesome','opencart','fa fa-opencart',NULL,NULL,NULL),
(1262,'Font Awesome','openid','fa fa-openid',NULL,NULL,NULL),
(1263,'Font Awesome','opera','fa fa-opera',NULL,NULL,NULL),
(1264,'Font Awesome','optin-monster','fa fa-optin-monster',NULL,NULL,NULL),
(1265,'Font Awesome','outdent','fa fa-outdent',NULL,NULL,NULL),
(1266,'Font Awesome','pagelines','fa fa-pagelines',NULL,NULL,NULL),
(1267,'Font Awesome','paint-brush','fa fa-paint-brush',NULL,NULL,NULL),
(1268,'Font Awesome','paper-plane','fa fa-paper-plane',NULL,NULL,NULL),
(1269,'Font Awesome','paper-plane-o','fa fa-paper-plane-o',NULL,NULL,NULL),
(1270,'Font Awesome','paperclip','fa fa-paperclip',NULL,NULL,NULL),
(1271,'Font Awesome','paragraph','fa fa-paragraph',NULL,NULL,NULL),
(1272,'Font Awesome','paste','fa fa-paste',NULL,NULL,NULL),
(1273,'Font Awesome','pause','fa fa-pause',NULL,NULL,NULL),
(1274,'Font Awesome','pause-circle','fa fa-pause-circle',NULL,NULL,NULL),
(1275,'Font Awesome','pause-circle-o','fa fa-pause-circle-o',NULL,NULL,NULL),
(1276,'Font Awesome','paw','fa fa-paw',NULL,NULL,NULL),
(1277,'Font Awesome','paypal','fa fa-paypal',NULL,NULL,NULL),
(1278,'Font Awesome','pencil','fa fa-pencil',NULL,NULL,NULL),
(1279,'Font Awesome','pencil-square','fa fa-pencil-square',NULL,NULL,NULL),
(1280,'Font Awesome','pencil-square-o','fa fa-pencil-square-o',NULL,NULL,NULL),
(1281,'Font Awesome','percent','fa fa-percent',NULL,NULL,NULL),
(1282,'Font Awesome','phone','fa fa-phone',NULL,NULL,NULL),
(1283,'Font Awesome','phone-square','fa fa-phone-square',NULL,NULL,NULL),
(1284,'Font Awesome','photo','fa fa-photo',NULL,NULL,NULL),
(1285,'Font Awesome','picture-o','fa fa-picture-o',NULL,NULL,NULL),
(1286,'Font Awesome','pie-chart','fa fa-pie-chart',NULL,NULL,NULL),
(1287,'Font Awesome','pied-piper','fa fa-pied-piper',NULL,NULL,NULL),
(1288,'Font Awesome','pied-piper-alt','fa fa-pied-piper-alt',NULL,NULL,NULL),
(1289,'Font Awesome','pied-piper-pp','fa fa-pied-piper-pp',NULL,NULL,NULL),
(1290,'Font Awesome','pinterest','fa fa-pinterest',NULL,NULL,NULL),
(1291,'Font Awesome','pinterest-p','fa fa-pinterest-p',NULL,NULL,NULL),
(1292,'Font Awesome','pinterest-square','fa fa-pinterest-square',NULL,NULL,NULL),
(1293,'Font Awesome','plane','fa fa-plane',NULL,NULL,NULL),
(1294,'Font Awesome','play','fa fa-play',NULL,NULL,NULL),
(1295,'Font Awesome','play-circle','fa fa-play-circle',NULL,NULL,NULL),
(1296,'Font Awesome','play-circle-o','fa fa-play-circle-o',NULL,NULL,NULL),
(1297,'Font Awesome','plug','fa fa-plug',NULL,NULL,NULL),
(1298,'Font Awesome','plus','fa fa-plus',NULL,NULL,NULL),
(1299,'Font Awesome','plus-circle','fa fa-plus-circle',NULL,NULL,NULL),
(1300,'Font Awesome','plus-square','fa fa-plus-square',NULL,NULL,NULL),
(1301,'Font Awesome','plus-square-o','fa fa-plus-square-o',NULL,NULL,NULL),
(1302,'Font Awesome','podcast','fa fa-podcast',NULL,NULL,NULL),
(1303,'Font Awesome','power-off','fa fa-power-off',NULL,NULL,NULL),
(1304,'Font Awesome','print','fa fa-print',NULL,NULL,NULL),
(1305,'Font Awesome','product-hunt','fa fa-product-hunt',NULL,NULL,NULL),
(1306,'Font Awesome','puzzle-piece','fa fa-puzzle-piece',NULL,NULL,NULL),
(1307,'Font Awesome','qq','fa fa-qq',NULL,NULL,NULL),
(1308,'Font Awesome','qrcode','fa fa-qrcode',NULL,NULL,NULL),
(1309,'Font Awesome','question','fa fa-question',NULL,NULL,NULL),
(1310,'Font Awesome','question-circle','fa fa-question-circle',NULL,NULL,NULL),
(1311,'Font Awesome','question-circle-o','fa fa-question-circle-o',NULL,NULL,NULL),
(1312,'Font Awesome','quora','fa fa-quora',NULL,NULL,NULL),
(1313,'Font Awesome','quote-left','fa fa-quote-left',NULL,NULL,NULL),
(1314,'Font Awesome','quote-right','fa fa-quote-right',NULL,NULL,NULL),
(1315,'Font Awesome','ra','fa fa-ra',NULL,NULL,NULL),
(1316,'Font Awesome','random','fa fa-random',NULL,NULL,NULL),
(1317,'Font Awesome','ravelry','fa fa-ravelry',NULL,NULL,NULL),
(1318,'Font Awesome','rebel','fa fa-rebel',NULL,NULL,NULL),
(1319,'Font Awesome','recycle','fa fa-recycle',NULL,NULL,NULL),
(1320,'Font Awesome','reddit','fa fa-reddit',NULL,NULL,NULL),
(1321,'Font Awesome','reddit-alien','fa fa-reddit-alien',NULL,NULL,NULL),
(1322,'Font Awesome','reddit-square','fa fa-reddit-square',NULL,NULL,NULL),
(1323,'Font Awesome','refresh','fa fa-refresh',NULL,NULL,NULL),
(1324,'Font Awesome','registered','fa fa-registered',NULL,NULL,NULL),
(1325,'Font Awesome','remove','fa fa-remove',NULL,NULL,NULL),
(1326,'Font Awesome','renren','fa fa-renren',NULL,NULL,NULL),
(1327,'Font Awesome','reorder','fa fa-reorder',NULL,NULL,NULL),
(1328,'Font Awesome','repeat','fa fa-repeat',NULL,NULL,NULL),
(1329,'Font Awesome','reply','fa fa-reply',NULL,NULL,NULL),
(1330,'Font Awesome','reply-all','fa fa-reply-all',NULL,NULL,NULL),
(1331,'Font Awesome','resistance','fa fa-resistance',NULL,NULL,NULL),
(1332,'Font Awesome','retweet','fa fa-retweet',NULL,NULL,NULL),
(1333,'Font Awesome','rmb','fa fa-rmb',NULL,NULL,NULL),
(1334,'Font Awesome','road','fa fa-road',NULL,NULL,NULL),
(1335,'Font Awesome','rocket','fa fa-rocket',NULL,NULL,NULL),
(1336,'Font Awesome','rotate-left','fa fa-rotate-left',NULL,NULL,NULL),
(1337,'Font Awesome','rotate-right','fa fa-rotate-right',NULL,NULL,NULL),
(1338,'Font Awesome','rouble','fa fa-rouble',NULL,NULL,NULL),
(1339,'Font Awesome','rss','fa fa-rss',NULL,NULL,NULL),
(1340,'Font Awesome','rss-square','fa fa-rss-square',NULL,NULL,NULL),
(1341,'Font Awesome','rub','fa fa-rub',NULL,NULL,NULL),
(1342,'Font Awesome','ruble','fa fa-ruble',NULL,NULL,NULL),
(1343,'Font Awesome','rupee','fa fa-rupee',NULL,NULL,NULL),
(1344,'Font Awesome','s15','fa fa-s15',NULL,NULL,NULL),
(1345,'Font Awesome','safari','fa fa-safari',NULL,NULL,NULL),
(1346,'Font Awesome','save','fa fa-save',NULL,NULL,NULL),
(1347,'Font Awesome','scissors','fa fa-scissors',NULL,NULL,NULL),
(1348,'Font Awesome','scribd','fa fa-scribd',NULL,NULL,NULL),
(1349,'Font Awesome','search','fa fa-search',NULL,NULL,NULL),
(1350,'Font Awesome','search-minus','fa fa-search-minus',NULL,NULL,NULL),
(1351,'Font Awesome','search-plus','fa fa-search-plus',NULL,NULL,NULL),
(1352,'Font Awesome','sellsy','fa fa-sellsy',NULL,NULL,NULL),
(1353,'Font Awesome','send','fa fa-send',NULL,NULL,NULL),
(1354,'Font Awesome','send-o','fa fa-send-o',NULL,NULL,NULL),
(1355,'Font Awesome','server','fa fa-server',NULL,NULL,NULL),
(1356,'Font Awesome','share','fa fa-share',NULL,NULL,NULL),
(1357,'Font Awesome','share-alt','fa fa-share-alt',NULL,NULL,NULL),
(1358,'Font Awesome','share-alt-square','fa fa-share-alt-square',NULL,NULL,NULL),
(1359,'Font Awesome','share-square','fa fa-share-square',NULL,NULL,NULL),
(1360,'Font Awesome','share-square-o','fa fa-share-square-o',NULL,NULL,NULL),
(1361,'Font Awesome','shekel','fa fa-shekel',NULL,NULL,NULL),
(1362,'Font Awesome','sheqel','fa fa-sheqel',NULL,NULL,NULL),
(1363,'Font Awesome','shield','fa fa-shield',NULL,NULL,NULL),
(1364,'Font Awesome','ship','fa fa-ship',NULL,NULL,NULL),
(1365,'Font Awesome','shirtsinbulk','fa fa-shirtsinbulk',NULL,NULL,NULL),
(1366,'Font Awesome','shopping-bag','fa fa-shopping-bag',NULL,NULL,NULL),
(1367,'Font Awesome','shopping-basket','fa fa-shopping-basket',NULL,NULL,NULL),
(1368,'Font Awesome','shopping-cart','fa fa-shopping-cart',NULL,NULL,NULL),
(1369,'Font Awesome','shower','fa fa-shower',NULL,NULL,NULL),
(1370,'Font Awesome','sign-in','fa fa-sign-in',NULL,NULL,NULL),
(1371,'Font Awesome','sign-language','fa fa-sign-language',NULL,NULL,NULL),
(1372,'Font Awesome','sign-out','fa fa-sign-out',NULL,NULL,NULL),
(1373,'Font Awesome','signal','fa fa-signal',NULL,NULL,NULL),
(1374,'Font Awesome','signing','fa fa-signing',NULL,NULL,NULL),
(1375,'Font Awesome','simplybuilt','fa fa-simplybuilt',NULL,NULL,NULL),
(1376,'Font Awesome','sitemap','fa fa-sitemap',NULL,NULL,NULL),
(1377,'Font Awesome','skyatlas','fa fa-skyatlas',NULL,NULL,NULL),
(1378,'Font Awesome','skype','fa fa-skype',NULL,NULL,NULL),
(1379,'Font Awesome','slack','fa fa-slack',NULL,NULL,NULL),
(1380,'Font Awesome','sliders','fa fa-sliders',NULL,NULL,NULL),
(1381,'Font Awesome','slideshare','fa fa-slideshare',NULL,NULL,NULL),
(1382,'Font Awesome','smile-o','fa fa-smile-o',NULL,NULL,NULL),
(1383,'Font Awesome','snapchat','fa fa-snapchat',NULL,NULL,NULL),
(1384,'Font Awesome','snapchat-ghost','fa fa-snapchat-ghost',NULL,NULL,NULL),
(1385,'Font Awesome','snapchat-square','fa fa-snapchat-square',NULL,NULL,NULL),
(1386,'Font Awesome','snowflake-o','fa fa-snowflake-o',NULL,NULL,NULL),
(1387,'Font Awesome','soccer-ball-o','fa fa-soccer-ball-o',NULL,NULL,NULL),
(1388,'Font Awesome','sort','fa fa-sort',NULL,NULL,NULL),
(1389,'Font Awesome','sort-alpha-asc','fa fa-sort-alpha-asc',NULL,NULL,NULL),
(1390,'Font Awesome','sort-alpha-desc','fa fa-sort-alpha-desc',NULL,NULL,NULL),
(1391,'Font Awesome','sort-amount-asc','fa fa-sort-amount-asc',NULL,NULL,NULL),
(1392,'Font Awesome','sort-amount-desc','fa fa-sort-amount-desc',NULL,NULL,NULL),
(1393,'Font Awesome','sort-asc','fa fa-sort-asc',NULL,NULL,NULL),
(1394,'Font Awesome','sort-desc','fa fa-sort-desc',NULL,NULL,NULL),
(1395,'Font Awesome','sort-down','fa fa-sort-down',NULL,NULL,NULL),
(1396,'Font Awesome','sort-numeric-asc','fa fa-sort-numeric-asc',NULL,NULL,NULL),
(1397,'Font Awesome','sort-numeric-desc','fa fa-sort-numeric-desc',NULL,NULL,NULL),
(1398,'Font Awesome','sort-up','fa fa-sort-up',NULL,NULL,NULL),
(1399,'Font Awesome','soundcloud','fa fa-soundcloud',NULL,NULL,NULL),
(1400,'Font Awesome','space-shuttle','fa fa-space-shuttle',NULL,NULL,NULL),
(1401,'Font Awesome','spinner','fa fa-spinner',NULL,NULL,NULL),
(1402,'Font Awesome','spoon','fa fa-spoon',NULL,NULL,NULL),
(1403,'Font Awesome','spotify','fa fa-spotify',NULL,NULL,NULL),
(1404,'Font Awesome','square','fa fa-square',NULL,NULL,NULL),
(1405,'Font Awesome','square-o','fa fa-square-o',NULL,NULL,NULL),
(1406,'Font Awesome','stack-exchange','fa fa-stack-exchange',NULL,NULL,NULL),
(1407,'Font Awesome','stack-overflow','fa fa-stack-overflow',NULL,NULL,NULL),
(1408,'Font Awesome','star','fa fa-star',NULL,NULL,NULL),
(1409,'Font Awesome','star-half','fa fa-star-half',NULL,NULL,NULL),
(1410,'Font Awesome','star-half-empty','fa fa-star-half-empty',NULL,NULL,NULL),
(1411,'Font Awesome','star-half-full','fa fa-star-half-full',NULL,NULL,NULL),
(1412,'Font Awesome','star-half-o','fa fa-star-half-o',NULL,NULL,NULL),
(1413,'Font Awesome','star-o','fa fa-star-o',NULL,NULL,NULL),
(1414,'Font Awesome','steam','fa fa-steam',NULL,NULL,NULL),
(1415,'Font Awesome','steam-square','fa fa-steam-square',NULL,NULL,NULL),
(1416,'Font Awesome','step-backward','fa fa-step-backward',NULL,NULL,NULL),
(1417,'Font Awesome','step-forward','fa fa-step-forward',NULL,NULL,NULL),
(1418,'Font Awesome','stethoscope','fa fa-stethoscope',NULL,NULL,NULL),
(1419,'Font Awesome','sticky-note','fa fa-sticky-note',NULL,NULL,NULL),
(1420,'Font Awesome','sticky-note-o','fa fa-sticky-note-o',NULL,NULL,NULL),
(1421,'Font Awesome','stop','fa fa-stop',NULL,NULL,NULL),
(1422,'Font Awesome','stop-circle','fa fa-stop-circle',NULL,NULL,NULL),
(1423,'Font Awesome','stop-circle-o','fa fa-stop-circle-o',NULL,NULL,NULL),
(1424,'Font Awesome','street-view','fa fa-street-view',NULL,NULL,NULL),
(1425,'Font Awesome','strikethrough','fa fa-strikethrough',NULL,NULL,NULL),
(1426,'Font Awesome','stumbleupon','fa fa-stumbleupon',NULL,NULL,NULL),
(1427,'Font Awesome','stumbleupon-circle','fa fa-stumbleupon-circle',NULL,NULL,NULL),
(1428,'Font Awesome','subscript','fa fa-subscript',NULL,NULL,NULL),
(1429,'Font Awesome','subway','fa fa-subway',NULL,NULL,NULL),
(1430,'Font Awesome','suitcase','fa fa-suitcase',NULL,NULL,NULL),
(1431,'Font Awesome','sun-o','fa fa-sun-o',NULL,NULL,NULL),
(1432,'Font Awesome','superpowers','fa fa-superpowers',NULL,NULL,NULL),
(1433,'Font Awesome','superscript','fa fa-superscript',NULL,NULL,NULL),
(1434,'Font Awesome','support','fa fa-support',NULL,NULL,NULL),
(1435,'Font Awesome','table','fa fa-table',NULL,NULL,NULL),
(1436,'Font Awesome','tablet','fa fa-tablet',NULL,NULL,NULL),
(1437,'Font Awesome','tachometer','fa fa-tachometer',NULL,NULL,NULL),
(1438,'Font Awesome','tag','fa fa-tag',NULL,NULL,NULL),
(1439,'Font Awesome','tags','fa fa-tags',NULL,NULL,NULL),
(1440,'Font Awesome','tasks','fa fa-tasks',NULL,NULL,NULL),
(1441,'Font Awesome','taxi','fa fa-taxi',NULL,NULL,NULL),
(1442,'Font Awesome','telegram','fa fa-telegram',NULL,NULL,NULL),
(1443,'Font Awesome','television','fa fa-television',NULL,NULL,NULL),
(1444,'Font Awesome','tencent-weibo','fa fa-tencent-weibo',NULL,NULL,NULL),
(1445,'Font Awesome','terminal','fa fa-terminal',NULL,NULL,NULL),
(1446,'Font Awesome','text-height','fa fa-text-height',NULL,NULL,NULL),
(1447,'Font Awesome','text-width','fa fa-text-width',NULL,NULL,NULL),
(1448,'Font Awesome','th','fa fa-th',NULL,NULL,NULL),
(1449,'Font Awesome','th-large','fa fa-th-large',NULL,NULL,NULL),
(1450,'Font Awesome','th-list','fa fa-th-list',NULL,NULL,NULL),
(1451,'Font Awesome','themeisle','fa fa-themeisle',NULL,NULL,NULL),
(1452,'Font Awesome','thermometer','fa fa-thermometer',NULL,NULL,NULL),
(1453,'Font Awesome','thermometer-0','fa fa-thermometer-0',NULL,NULL,NULL),
(1454,'Font Awesome','thermometer-1','fa fa-thermometer-1',NULL,NULL,NULL),
(1455,'Font Awesome','thermometer-2','fa fa-thermometer-2',NULL,NULL,NULL),
(1456,'Font Awesome','thermometer-3','fa fa-thermometer-3',NULL,NULL,NULL),
(1457,'Font Awesome','thermometer-4','fa fa-thermometer-4',NULL,NULL,NULL),
(1458,'Font Awesome','thermometer-empty','fa fa-thermometer-empty',NULL,NULL,NULL),
(1459,'Font Awesome','thermometer-full','fa fa-thermometer-full',NULL,NULL,NULL),
(1460,'Font Awesome','thermometer-half','fa fa-thermometer-half',NULL,NULL,NULL),
(1461,'Font Awesome','thermometer-quarter','fa fa-thermometer-quarter',NULL,NULL,NULL),
(1462,'Font Awesome','thermometer-three-quarters','fa fa-thermometer-three-quarters',NULL,NULL,NULL),
(1463,'Font Awesome','thumb-tack','fa fa-thumb-tack',NULL,NULL,NULL),
(1464,'Font Awesome','thumbs-down','fa fa-thumbs-down',NULL,NULL,NULL),
(1465,'Font Awesome','thumbs-o-down','fa fa-thumbs-o-down',NULL,NULL,NULL),
(1466,'Font Awesome','thumbs-o-up','fa fa-thumbs-o-up',NULL,NULL,NULL),
(1467,'Font Awesome','thumbs-up','fa fa-thumbs-up',NULL,NULL,NULL),
(1468,'Font Awesome','ticket','fa fa-ticket',NULL,NULL,NULL),
(1469,'Font Awesome','times','fa fa-times',NULL,NULL,NULL),
(1470,'Font Awesome','times-circle','fa fa-times-circle',NULL,NULL,NULL),
(1471,'Font Awesome','times-circle-o','fa fa-times-circle-o',NULL,NULL,NULL),
(1472,'Font Awesome','times-rectangle','fa fa-times-rectangle',NULL,NULL,NULL),
(1473,'Font Awesome','times-rectangle-o','fa fa-times-rectangle-o',NULL,NULL,NULL),
(1474,'Font Awesome','tint','fa fa-tint',NULL,NULL,NULL),
(1475,'Font Awesome','toggle-down','fa fa-toggle-down',NULL,NULL,NULL),
(1476,'Font Awesome','toggle-left','fa fa-toggle-left',NULL,NULL,NULL),
(1477,'Font Awesome','toggle-off','fa fa-toggle-off',NULL,NULL,NULL),
(1478,'Font Awesome','toggle-on','fa fa-toggle-on',NULL,NULL,NULL),
(1479,'Font Awesome','toggle-right','fa fa-toggle-right',NULL,NULL,NULL),
(1480,'Font Awesome','toggle-up','fa fa-toggle-up',NULL,NULL,NULL),
(1481,'Font Awesome','trademark','fa fa-trademark',NULL,NULL,NULL),
(1482,'Font Awesome','train','fa fa-train',NULL,NULL,NULL),
(1483,'Font Awesome','transgender','fa fa-transgender',NULL,NULL,NULL),
(1484,'Font Awesome','transgender-alt','fa fa-transgender-alt',NULL,NULL,NULL),
(1485,'Font Awesome','trash','fa fa-trash',NULL,NULL,NULL),
(1486,'Font Awesome','trash-o','fa fa-trash-o',NULL,NULL,NULL),
(1487,'Font Awesome','tree','fa fa-tree',NULL,NULL,NULL),
(1488,'Font Awesome','trello','fa fa-trello',NULL,NULL,NULL),
(1489,'Font Awesome','tripadvisor','fa fa-tripadvisor',NULL,NULL,NULL),
(1490,'Font Awesome','trophy','fa fa-trophy',NULL,NULL,NULL),
(1491,'Font Awesome','truck','fa fa-truck',NULL,NULL,NULL),
(1492,'Font Awesome','try','fa fa-try',NULL,NULL,NULL),
(1493,'Font Awesome','tty','fa fa-tty',NULL,NULL,NULL),
(1494,'Font Awesome','tumblr','fa fa-tumblr',NULL,NULL,NULL),
(1495,'Font Awesome','tumblr-square','fa fa-tumblr-square',NULL,NULL,NULL),
(1496,'Font Awesome','turkish-lira','fa fa-turkish-lira',NULL,NULL,NULL),
(1497,'Font Awesome','tv','fa fa-tv',NULL,NULL,NULL),
(1498,'Font Awesome','twitch','fa fa-twitch',NULL,NULL,NULL),
(1499,'Font Awesome','twitter','fa fa-twitter',NULL,NULL,NULL),
(1500,'Font Awesome','twitter-square','fa fa-twitter-square',NULL,NULL,NULL),
(1501,'Font Awesome','umbrella','fa fa-umbrella',NULL,NULL,NULL),
(1502,'Font Awesome','underline','fa fa-underline',NULL,NULL,NULL),
(1503,'Font Awesome','undo','fa fa-undo',NULL,NULL,NULL),
(1504,'Font Awesome','universal-access','fa fa-universal-access',NULL,NULL,NULL),
(1505,'Font Awesome','university','fa fa-university',NULL,NULL,NULL),
(1506,'Font Awesome','unlink','fa fa-unlink',NULL,NULL,NULL),
(1507,'Font Awesome','unlock','fa fa-unlock',NULL,NULL,NULL),
(1508,'Font Awesome','unlock-alt','fa fa-unlock-alt',NULL,NULL,NULL),
(1509,'Font Awesome','unsorted','fa fa-unsorted',NULL,NULL,NULL),
(1510,'Font Awesome','upload','fa fa-upload',NULL,NULL,NULL),
(1511,'Font Awesome','usb','fa fa-usb',NULL,NULL,NULL),
(1512,'Font Awesome','usd','fa fa-usd',NULL,NULL,NULL),
(1513,'Font Awesome','user','fa fa-user',NULL,NULL,NULL),
(1514,'Font Awesome','user-circle','fa fa-user-circle',NULL,NULL,NULL),
(1515,'Font Awesome','user-circle-o','fa fa-user-circle-o',NULL,NULL,NULL),
(1516,'Font Awesome','user-md','fa fa-user-md',NULL,NULL,NULL),
(1517,'Font Awesome','user-o','fa fa-user-o',NULL,NULL,NULL),
(1518,'Font Awesome','user-plus','fa fa-user-plus',NULL,NULL,NULL),
(1519,'Font Awesome','user-secret','fa fa-user-secret',NULL,NULL,NULL),
(1520,'Font Awesome','user-times','fa fa-user-times',NULL,NULL,NULL),
(1521,'Font Awesome','users','fa fa-users',NULL,NULL,NULL),
(1522,'Font Awesome','vcard','fa fa-vcard',NULL,NULL,NULL),
(1523,'Font Awesome','vcard-o','fa fa-vcard-o',NULL,NULL,NULL),
(1524,'Font Awesome','venus','fa fa-venus',NULL,NULL,NULL),
(1525,'Font Awesome','venus-double','fa fa-venus-double',NULL,NULL,NULL),
(1526,'Font Awesome','venus-mars','fa fa-venus-mars',NULL,NULL,NULL),
(1527,'Font Awesome','viacoin','fa fa-viacoin',NULL,NULL,NULL),
(1528,'Font Awesome','viadeo','fa fa-viadeo',NULL,NULL,NULL),
(1529,'Font Awesome','viadeo-square','fa fa-viadeo-square',NULL,NULL,NULL),
(1530,'Font Awesome','video-camera','fa fa-video-camera',NULL,NULL,NULL),
(1531,'Font Awesome','vimeo','fa fa-vimeo',NULL,NULL,NULL),
(1532,'Font Awesome','vimeo-square','fa fa-vimeo-square',NULL,NULL,NULL),
(1533,'Font Awesome','vine','fa fa-vine',NULL,NULL,NULL),
(1534,'Font Awesome','vk','fa fa-vk',NULL,NULL,NULL),
(1535,'Font Awesome','volume-control-phone','fa fa-volume-control-phone',NULL,NULL,NULL),
(1536,'Font Awesome','volume-down','fa fa-volume-down',NULL,NULL,NULL),
(1537,'Font Awesome','volume-off','fa fa-volume-off',NULL,NULL,NULL),
(1538,'Font Awesome','volume-up','fa fa-volume-up',NULL,NULL,NULL),
(1539,'Font Awesome','warning','fa fa-warning',NULL,NULL,NULL),
(1540,'Font Awesome','wechat','fa fa-wechat',NULL,NULL,NULL),
(1541,'Font Awesome','weibo','fa fa-weibo',NULL,NULL,NULL),
(1542,'Font Awesome','weixin','fa fa-weixin',NULL,NULL,NULL),
(1543,'Font Awesome','whatsapp','fa fa-whatsapp',NULL,NULL,NULL),
(1544,'Font Awesome','wheelchair','fa fa-wheelchair',NULL,NULL,NULL),
(1545,'Font Awesome','wheelchair-alt','fa fa-wheelchair-alt',NULL,NULL,NULL),
(1546,'Font Awesome','wifi','fa fa-wifi',NULL,NULL,NULL),
(1547,'Font Awesome','wikipedia-w','fa fa-wikipedia-w',NULL,NULL,NULL),
(1548,'Font Awesome','window-close','fa fa-window-close',NULL,NULL,NULL),
(1549,'Font Awesome','window-close-o','fa fa-window-close-o',NULL,NULL,NULL),
(1550,'Font Awesome','window-maximize','fa fa-window-maximize',NULL,NULL,NULL),
(1551,'Font Awesome','window-minimize','fa fa-window-minimize',NULL,NULL,NULL),
(1552,'Font Awesome','window-restore','fa fa-window-restore',NULL,NULL,NULL),
(1553,'Font Awesome','windows','fa fa-windows',NULL,NULL,NULL),
(1554,'Font Awesome','won','fa fa-won',NULL,NULL,NULL),
(1555,'Font Awesome','wordpress','fa fa-wordpress',NULL,NULL,NULL),
(1556,'Font Awesome','wpbeginner','fa fa-wpbeginner',NULL,NULL,NULL),
(1557,'Font Awesome','wpexplorer','fa fa-wpexplorer',NULL,NULL,NULL),
(1558,'Font Awesome','wpforms','fa fa-wpforms',NULL,NULL,NULL),
(1559,'Font Awesome','wrench','fa fa-wrench',NULL,NULL,NULL),
(1560,'Font Awesome','xing','fa fa-xing',NULL,NULL,NULL),
(1561,'Font Awesome','xing-square','fa fa-xing-square',NULL,NULL,NULL),
(1562,'Font Awesome','y-combinator','fa fa-y-combinator',NULL,NULL,NULL),
(1563,'Font Awesome','y-combinator-square','fa fa-y-combinator-square',NULL,NULL,NULL),
(1564,'Font Awesome','yahoo','fa fa-yahoo',NULL,NULL,NULL),
(1565,'Font Awesome','yc','fa fa-yc',NULL,NULL,NULL),
(1566,'Font Awesome','yc-square','fa fa-yc-square',NULL,NULL,NULL),
(1567,'Font Awesome','yelp','fa fa-yelp',NULL,NULL,NULL),
(1568,'Font Awesome','yen','fa fa-yen',NULL,NULL,NULL),
(1569,'Font Awesome','yoast','fa fa-yoast',NULL,NULL,NULL),
(1570,'Font Awesome','youtube','fa fa-youtube',NULL,NULL,NULL),
(1571,'Font Awesome','youtube-play','fa fa-youtube-play',NULL,NULL,NULL),
(1572,'Font Awesome','youtube-square','fa fa-youtube-square',NULL,NULL,NULL);

/*Table structure for table `menu_config` */

DROP TABLE IF EXISTS `menu_config`;

CREATE TABLE `menu_config` (
  `config_id` bigint(20) unsigned NOT NULL AUTO_INCREMENT,
  `logo` text COLLATE utf8_unicode_ci NOT NULL,
  `web_icon` text COLLATE utf8_unicode_ci NOT NULL,
  `web_title` varchar(255) COLLATE utf8_unicode_ci NOT NULL,
  `created_by` bigint(20) NOT NULL,
  `updated_by` bigint(20) NOT NULL,
  `deleted_at` timestamp NULL DEFAULT NULL,
  `created_at` timestamp NULL DEFAULT NULL,
  `updated_at` timestamp NULL DEFAULT NULL,
  PRIMARY KEY (`config_id`)
) ENGINE=InnoDB DEFAULT CHARSET=utf8 COLLATE=utf8_unicode_ci;

/*Data for the table `menu_config` */

/*Table structure for table `menu_group` */

DROP TABLE IF EXISTS `menu_group`;

CREATE TABLE `menu_group` (
  `menu_group_id` bigint(20) unsigned NOT NULL AUTO_INCREMENT,
  `group_name` varchar(255) COLLATE utf8_unicode_ci NOT NULL,
  `icon_id` bigint(20) NOT NULL,
  `created_by` bigint(20) NOT NULL,
  `updated_by` bigint(20) NOT NULL,
  `deleted_at` timestamp NULL DEFAULT NULL,
  `created_at` timestamp NULL DEFAULT NULL,
  `updated_at` timestamp NULL DEFAULT NULL,
  PRIMARY KEY (`menu_group_id`)
) ENGINE=InnoDB AUTO_INCREMENT=23 DEFAULT CHARSET=utf8 COLLATE=utf8_unicode_ci;

/*Data for the table `menu_group` */

insert  into `menu_group`(`menu_group_id`,`group_name`,`icon_id`,`created_by`,`updated_by`,`deleted_at`,`created_at`,`updated_at`) values 
(9,'Users',1521,1,0,NULL,'2019-05-09 11:28:28','2019-05-09 11:34:35'),
(10,'Customers',788,1,0,NULL,'2019-05-09 11:29:42','2019-05-09 11:29:42'),
(11,'Medical',1142,1,0,NULL,'2019-05-09 11:29:55','2019-05-09 11:29:55'),
(12,'Staff',998,1,0,NULL,'2019-05-09 11:30:07','2019-05-09 11:30:07'),
(13,'Apps',1246,1,0,NULL,'2019-05-09 11:30:23','2019-05-09 11:30:52'),
(14,'Store',1166,1,0,NULL,'2019-05-09 11:30:45','2019-05-09 11:30:45'),
(15,'Products',980,1,0,NULL,'2019-05-09 11:54:10','2019-05-09 11:54:10'),
(16,'Doctors',1140,1,0,NULL,'2019-05-09 11:54:43','2019-05-09 11:54:43'),
(17,'Promo',1438,1,0,NULL,'2019-05-09 11:54:56','2019-05-09 11:54:56'),
(18,'Cage',1144,1,0,NULL,'2019-05-09 11:55:07','2019-05-09 11:55:07'),
(19,'Grooming',1369,1,0,NULL,'2019-05-09 11:55:32','2019-05-09 11:55:32'),
(20,'Treatment',1408,1,0,NULL,'2019-05-09 11:55:57','2019-05-09 11:55:57'),
(21,'Transaction',1368,1,0,NULL,'2019-05-09 11:56:58','2019-05-09 11:56:58');

/*Table structure for table `menu_master` */

DROP TABLE IF EXISTS `menu_master`;

CREATE TABLE `menu_master` (
  `menu_id` bigint(20) unsigned NOT NULL AUTO_INCREMENT,
  `menu_group_id` bigint(20) NOT NULL,
  `menu_name` varchar(255) COLLATE utf8_unicode_ci NOT NULL,
  `menu_url` varchar(255) COLLATE utf8_unicode_ci NOT NULL,
  `created_by` bigint(20) NOT NULL,
  `updated_by` bigint(20) NOT NULL,
  `deleted_at` timestamp NULL DEFAULT NULL,
  `created_at` timestamp NULL DEFAULT NULL,
  `updated_at` timestamp NULL DEFAULT NULL,
  PRIMARY KEY (`menu_id`)
) ENGINE=InnoDB AUTO_INCREMENT=23 DEFAULT CHARSET=utf8 COLLATE=utf8_unicode_ci;

/*Data for the table `menu_master` */

insert  into `menu_master`(`menu_id`,`menu_group_id`,`menu_name`,`menu_url`,`created_by`,`updated_by`,`deleted_at`,`created_at`,`updated_at`) values 
(1,9,'User List','/users',1,0,NULL,'2019-05-09 13:57:25','2019-05-09 13:57:25'),
(2,9,'User Privileges','/users/privileges',1,0,NULL,'2019-05-09 14:29:06','2019-05-09 14:29:06'),
(3,10,'Customer List','/customers',1,1,NULL,'2019-05-09 14:31:58','2019-05-09 15:29:36'),
(4,10,'Customer Pet','/customers/pet',1,1,NULL,'2019-05-09 14:32:41','2019-05-09 15:30:14'),
(5,11,'Medical Service','/medical-services',1,0,NULL,'2019-05-09 14:33:50','2019-05-09 14:33:50'),
(6,11,'Clinical Checkup','/clinical-checkup',1,0,NULL,'2019-05-09 14:34:49','2019-05-09 14:34:49'),
(7,11,'Medical Items','/medical-items',1,0,NULL,'2019-05-09 14:35:32','2019-05-09 14:35:32'),
(8,12,'Staff List','/staffs',1,0,NULL,'2019-05-09 14:36:05','2019-05-09 14:36:05'),
(9,12,'Staff Categories','/staff/categories',1,0,NULL,'2019-05-09 14:36:57','2019-05-09 14:36:57'),
(10,14,'Outlet List','/outlets',1,0,NULL,'2019-05-09 14:38:13','2019-05-09 14:38:13'),
(11,15,'Product List','/products',1,0,NULL,'2019-05-09 14:40:24','2019-05-09 14:40:24'),
(12,15,'Product Categories','/products/categories',1,0,NULL,'2019-05-09 14:41:34','2019-05-09 14:41:34'),
(13,16,'Doctor List','/doctors',1,0,NULL,'2019-05-09 14:42:01','2019-05-09 14:42:01'),
(14,17,'Promo List','/promos',1,0,NULL,'2019-05-09 14:44:30','2019-05-09 14:44:30'),
(15,18,'Cage List','/cages',1,0,NULL,'2019-05-09 14:46:03','2019-05-09 14:46:03'),
(16,19,'Grooming Location','/grooming/locations',1,0,NULL,'2019-05-09 14:47:36','2019-05-09 14:47:36'),
(17,19,'Grooming List','/groomings',1,0,NULL,'2019-05-09 14:49:29','2019-05-09 14:49:29'),
(18,20,'Treatment List','/treatments',1,0,NULL,'2019-05-09 14:50:10','2019-05-09 14:50:10'),
(19,21,'Treatment Order List','transactions/order/treatments',1,0,NULL,'2019-05-09 14:50:55','2019-05-09 14:50:55'),
(20,20,'Shop Order List','/treatments/order/shop',1,0,NULL,'2019-05-09 14:52:14','2019-05-09 14:52:14'),
(21,21,'Invoice List','/transactions/invoices',1,0,NULL,'2019-05-09 14:53:09','2019-05-09 14:53:09');

/*Table structure for table `menu_privileges` */

DROP TABLE IF EXISTS `menu_privileges`;

CREATE TABLE `menu_privileges` (
  `menu_priviliges_id` bigint(20) unsigned NOT NULL AUTO_INCREMENT,
  `menu_id` bigint(20) NOT NULL,
  `menu_view` tinyint(1) NOT NULL,
  `menu_add` tinyint(1) NOT NULL,
  `menu_edit` tinyint(1) NOT NULL,
  `menu_delete` tinyint(1) NOT NULL,
  `menu_other` tinyint(1) NOT NULL,
  `created_by` bigint(20) NOT NULL,
  `updated_by` bigint(20) NOT NULL,
  `deleted_at` timestamp NULL DEFAULT NULL,
  `created_at` timestamp NULL DEFAULT NULL,
  `updated_at` timestamp NULL DEFAULT NULL,
  PRIMARY KEY (`menu_priviliges_id`)
) ENGINE=InnoDB AUTO_INCREMENT=23 DEFAULT CHARSET=utf8 COLLATE=utf8_unicode_ci;

/*Data for the table `menu_privileges` */

insert  into `menu_privileges`(`menu_priviliges_id`,`menu_id`,`menu_view`,`menu_add`,`menu_edit`,`menu_delete`,`menu_other`,`created_by`,`updated_by`,`deleted_at`,`created_at`,`updated_at`) values 
(1,1,1,1,1,1,0,1,0,'2019-05-09 15:34:12','2019-05-09 13:57:25','2019-05-09 15:34:12'),
(2,2,1,1,1,1,0,1,0,NULL,'2019-05-09 14:29:06','2019-05-09 14:29:06'),
(3,3,1,1,1,1,0,1,1,NULL,'2019-05-09 14:31:58','2019-05-09 15:30:06'),
(4,4,1,1,1,1,0,1,1,NULL,'2019-05-09 14:32:41','2019-05-09 15:30:14'),
(5,5,1,1,1,1,0,1,0,NULL,'2019-05-09 14:33:50','2019-05-09 14:33:50'),
(6,6,1,1,1,1,0,1,0,NULL,'2019-05-09 14:34:49','2019-05-09 14:34:49'),
(7,7,1,1,1,1,0,1,0,NULL,'2019-05-09 14:35:32','2019-05-09 14:35:32'),
(8,8,1,1,1,1,0,1,0,NULL,'2019-05-09 14:36:05','2019-05-09 14:36:05'),
(9,9,1,1,1,1,0,1,0,NULL,'2019-05-09 14:36:57','2019-05-09 14:36:57'),
(10,10,1,1,1,1,0,1,0,NULL,'2019-05-09 14:38:13','2019-05-09 14:38:13'),
(11,11,1,1,1,1,0,1,0,NULL,'2019-05-09 14:40:24','2019-05-09 14:40:24'),
(12,12,1,1,1,1,0,1,0,NULL,'2019-05-09 14:41:34','2019-05-09 14:41:34'),
(13,13,1,1,1,1,0,1,0,NULL,'2019-05-09 14:42:01','2019-05-09 14:42:01'),
(14,14,1,1,1,1,0,1,0,NULL,'2019-05-09 14:44:30','2019-05-09 14:44:30'),
(15,15,1,1,1,1,0,1,0,NULL,'2019-05-09 14:46:03','2019-05-09 14:46:03'),
(16,16,1,1,1,1,0,1,0,NULL,'2019-05-09 14:47:36','2019-05-09 14:47:36'),
(17,17,1,1,1,1,0,1,0,NULL,'2019-05-09 14:49:29','2019-05-09 14:49:29'),
(18,18,1,1,1,1,0,1,0,NULL,'2019-05-09 14:50:10','2019-05-09 14:50:10'),
(19,19,1,0,0,0,0,1,0,NULL,'2019-05-09 14:50:55','2019-05-09 14:50:55'),
(20,20,1,0,0,0,0,1,0,NULL,'2019-05-09 14:52:14','2019-05-09 14:52:14'),
(21,21,1,0,0,0,0,1,0,NULL,'2019-05-09 14:53:09','2019-05-09 14:53:09');

/*Table structure for table `migrations` */

DROP TABLE IF EXISTS `migrations`;

CREATE TABLE `migrations` (
  `id` int(10) unsigned NOT NULL AUTO_INCREMENT,
  `migration` varchar(255) COLLATE utf8_unicode_ci NOT NULL,
  `batch` int(11) NOT NULL,
  PRIMARY KEY (`id`)
) ENGINE=InnoDB AUTO_INCREMENT=8 DEFAULT CHARSET=utf8 COLLATE=utf8_unicode_ci;

/*Data for the table `migrations` */

insert  into `migrations`(`id`,`migration`,`batch`) values 
(1,'2019_05_02_055933_config_cms_table',1),
(2,'2019_05_02_055950_icon_table',1),
(3,'2019_05_02_060002_layout_table',1),
(4,'2019_05_02_060018_menu_config_table',1),
(5,'2019_05_02_060032_menu_group_table',1),
(6,'2019_05_02_060053_menu_master_table',1),
(7,'2019_05_02_060109_menu_privileges_table',1);

/*!40101 SET SQL_MODE=@OLD_SQL_MODE */;
/*!40014 SET FOREIGN_KEY_CHECKS=@OLD_FOREIGN_KEY_CHECKS */;
/*!40014 SET UNIQUE_CHECKS=@OLD_UNIQUE_CHECKS */;
/*!40111 SET SQL_NOTES=@OLD_SQL_NOTES */;
